-- https://www.phpmyadmin.net/
--
-- Tempo de geração: 18/01/2024 às 12:49
-- Versão do servidor: 5.7.44-48-log
-- Versão do PHP: 7.4.33

START TRANSACTION;



--
-- Despejando dados para a tabela `contents`
--

INSERT INTO `contents` (`id`, `slug`, `content`, `created_at`, `updated_at`) VALUES
(1, 'footer', '<footer class=\"footer\">\r\n<div class=\"container-fluid\">\r\n<div class=\"row\">\r\n<div class=\"col-md-4 mb-4 mb-md-0\"><img src=\"http://localhost:8000/assets/images/besni-logo.png\" alt=\"\">\r\n<div class=\"socials\">\r\n<div class=\"social\"><a href=\"https://www.facebook.com/LojasBesni/\" target=\"_blank\" rel=\"noopener\"> <span class=\"icon facebook\">&nbsp;</span> Facebook </a></div>\r\n<div class=\"social\"><a href=\"https://www.instagram.com/lojasbesni/\" target=\"_blank\" rel=\"noopener\"> <span class=\"icon instagram\">&nbsp;</span> Instagram </a></div>\r\n<div class=\"social\"><a href=\"https://br.linkedin.com/company/lojas-belian-moda\" target=\"_blank\" rel=\"noopener\"> <span class=\"icon linkedin\">&nbsp;</span> Linkedin </a></div>\r\n<div class=\"social\"><a href=\"https://www.youtube.com/user/lojasbesni\" target=\"_blank\" rel=\"noopener\"> <span class=\"icon youtube\">&nbsp;</span> Youtube </a></div>\r\n</div>\r\n</div>\r\n<div class=\"col-md-4 mb-4 mb-md-0\">\r\n<div class=\"ms-md-5\">\r\n<p class=\"title\">Cart&atilde;o Besni</p>\r\n<div class=\"links\"><a class=\"link\" href=\"http://localhost:8000/beneficios\">Benef&iacute;cios do cart&atilde;o</a> <a class=\"link\" href=\"http://localhost:8000/atendimento\">Tire suas d&uacute;vidas</a> <a class=\"link\" href=\"http://localhost:8000/atendimento\">Fale Conosco</a> <a class=\"link\" href=\"http://localhost:8000/login\">Acesse sua fatura</a> <a class=\"link\" href=\"http://localhost:8000/login\">Negocia&ccedil;&atilde;o de D&iacute;vidas</a></div>\r\n</div>\r\n</div>\r\n<div class=\"col-md-4 mb-4 mb-md-0 d-none\">\r\n<p class=\"title\">Pedir um cart&atilde;o</p>\r\n<p>Para solicitar um novo cart&atilde;o, acesse o nosso app:</p>\r\n<div class=\"d-flex flex-column pedir-cartao\"><a href=\"#\"> <img class=\"img-fluid w-50\" src=\"http://localhost:8000/assets/images/btn-play-store.png\" srcset=\"\" alt=\"\"> </a> <a href=\"#\"> <img class=\"img-fluid w-50\" src=\"http://localhost:8000/assets/images/btn-apple-store.png\" srcset=\"\" alt=\"\"> </a></div>\r\n</div>\r\n<div class=\"col-md-4 mb-4 mb-md-0\">\r\n<p class=\"title\">Canais de Atendimento</p>\r\n<div class=\"contato\"><a href=\"https://api.whatsapp.com/send?1=pt_BR&amp;phone=5511934760013\" target=\"_blank\" rel=\"noopener\">Whatsapp</a>\r\n<p>SAC: <a href=\"tel:+550800 0555 399\">0800 0555 399</a></p>\r\n<p>Central de Cobran&ccedil;a: <a href=\"tel:+551145800980\" target=\"_blank\" rel=\"noopener\">(11) 4580-0980</a></p>\r\n<a href=\"mailto:sac.besni@lojasbesni.com.br\" target=\"_blank\" rel=\"noopener\">E-mail: sac.besni@lojasbesni.com.br</a></div>\r\n<div class=\"selo\"><img class=\"img-fluid\" src=\"http://localhost:8000/assets/images/reclame-aqui.png\" alt=\"\"></div>\r\n</div>\r\n</div>\r\n<div class=\"row copyright\">\r\n<div>Copyright 2022 Adcard Administradora de Cart&otilde;es de Cr&eacute;dito Ltda\r\n<div class=\"adcard-img\"><img src=\"http://localhost:8000/assets/images/adcard.png\" alt=\"\"></div>\r\n</div>\r\n</div>\r\n</div>\r\n</footer>', '2024-01-15 14:57:50', '2024-01-15 15:28:13'),
(2, 'seguros', '<div class=\"container-fluid p-md-0\">\r\n<div class=\"row\">\r\n<div class=\"col-sm-6 content\">\r\n<div>\r\n<p class=\"title mb-3\">Seguros, Assist&ecirc;ncias<br>e Planos</p>\r\n<p>Um cart&atilde;o pr&aacute;tico, que facilita suas compras nas Lojas Besni e ainda vem com benef&iacute;cios exclusivos para voc&ecirc; e sua fam&iacute;lia.</p>\r\n</div>\r\n</div>\r\n<div class=\"col-sm-6 image\"><img class=\"img-fluid\" src=\"https://besni.homolog.attri.com.br/assets/images/banner-beneficios.png\" alt=\"\"></div>\r\n</div>\r\n</div>', '2024-01-15 15:30:21', '2024-01-15 16:32:03'),
(3, 'beneficios', '<section class=\"banner\">\r\n<div class=\"container-fluid p-md-0\">\r\n<div class=\"row\">\r\n<div class=\"col-sm-6 content\">\r\n<div>\r\n<p class=\"title mb-3\">Quer praticidade,<br>seguran&ccedil;a e comodidade?<br>Passa no Cart&atilde;o Besni!</p>\r\n<p>Um cart&atilde;o pr&aacute;tico, que facilita suas compras nas Lojas Besni e ainda vem com benef&iacute;cios exclusivos para voc&ecirc; e sua fam&iacute;lia.</p>\r\n</div>\r\n</div>\r\n<div class=\"col-sm-6 image\"><img class=\"img-fluid\" src=\"https://besni.homolog.attri.com.br/assets/images/banner-beneficios.png\" alt=\"\"></div>\r\n</div>\r\n</div>\r\n</section>\r\n<section class=\"todas-vantagens\">\r\n<div class=\"container\">\r\n<div class=\"row align-items-center justify-content-evenly flex-column-reverse flex-md-row\">\r\n<div class=\"col-md-6\"><img class=\"img-fluid\" src=\"https://besni.homolog.attri.com.br/admin/paginas/3/assets/images/todas-vantagens.png\" alt=\"\"></div>\r\n<div class=\"col-md-4\">\r\n<p class=\"title\">Todas as vantagens na sua m&atilde;o!</p>\r\n<div class=\"lista\">\r\n<p>Pague sua fatura no App ou na loja Besni mais pr&oacute;xima</p>\r\n<p>Flexibilidade para parcelar, sem entrada</p>\r\n<p>Mais controle nos gastos e praticidade no dia a dia</p>\r\n<p>Op&ccedil;&atilde;o de cart&atilde;o adicional com os mesmos benef&iacute;cios</p>\r\n</div>\r\n</div>\r\n</div>\r\n</div>\r\n</section>\r\n<section class=\"flexibilidade\">\r\n<div class=\"container\">\r\n<div class=\"row\">\r\n<div class=\"col-md-6 title\">\r\n<p class=\"heading mb-3\">Flexibilidade<br>para parcelar</p>\r\n<p>Parcele suas compras nas Lojas Besni e pague em at&eacute; 6x sem juros e sem entrada. Mais tranquilidade para parcelar suas compras.</p>\r\n</div>\r\n<div class=\"col-md-6\"><img class=\"img-fluid\" src=\"https://besni.homolog.attri.com.br/assets/images/banner-beneficios-flexibilidade.png\" alt=\"\"></div>\r\n</div>\r\n</div>\r\n</section>\r\n<section class=\"controle\">\r\n<div class=\"container\">\r\n<div class=\"row\">\r\n<div class=\"col-md-6\"><img class=\"img-fluid\" src=\"https://besni.homolog.attri.com.br/assets/images/banner-beneficios-controle.png\" alt=\"\"></div>\r\n<div class=\"col-md-6 title\">\r\n<p class=\"heading mb-3\">Controle<br>seus gastos!</p>\r\n<p>At&eacute; 40 dias para pagar as compras e voc&ecirc; pode acompanhar todo o extrato do cart&atilde;o pelo App Besni. Mais facilidade e controle dos seus gastos.</p>\r\n</div>\r\n</div>\r\n</div>\r\n</section>\r\n<section class=\"protecao\">\r\n<div class=\"container\">\r\n<div class=\"row\">\r\n<div class=\"col-md-6 title\">\r\n<p class=\"heading mb-3\">Prote&ccedil;&atilde;o para<br>voc&ecirc; e sua fam&iacute;lia</p>\r\n<p>Seguros especiais, em diferentes modalidades para proteger a casa, a fam&iacute;lia, sua sa&uacute;de e at&eacute; o seu pet! E voc&ecirc; ainda concorre a sorteios exclusivos.</p>\r\n</div>\r\n<div class=\"col-md-6\"><img class=\"img-fluid\" src=\"https://besni.homolog.attri.com.br/assets/images/banner-beneficios-prote&ccedil;&atilde;o.png\" alt=\"\"></div>\r\n</div>\r\n</div>\r\n</section>\r\n<section class=\"simplicidade\">\r\n<div class=\"container\">\r\n<div class=\"row\">\r\n<div class=\"col-md-6\"><img class=\"img-fluid\" src=\"https://besni.homolog.attri.com.br/assets/images/banner-beneficios-simplicidade.png\" alt=\"\"></div>\r\n<div class=\"col-md-6 title\">\r\n<p class=\"heading mb-3\">&Eacute; simples!</p>\r\n<p>Receba sua fatura por e-mail ou SMS. Mais praticidade e seguran&ccedil;a.</p>\r\n</div>\r\n</div>\r\n</div>\r\n</section>', '2024-01-15 15:36:42', '2024-01-15 16:35:47'),
(4, 'home', '<section class=\"banner\">\r\n<div class=\"container-fluid p-md-0\">\r\n<div class=\"row position-relative align-items-start\">\r\n<div class=\"col-lg-6 col-md-7 content my-auto\">\r\n<p class=\"title mb-3\">Parcele suas compras<br>em at&eacute; 6x sem juros</p>\r\n<p class=\"mb-5\">V&aacute;lido para compras acima de R$ 400<br>feitas com o Cart&atilde;o Besni</p>\r\n<a class=\"btn red\" href=\"http://localhost:8000/cadastro\">Quero meu cart&atilde;o &rarr;</a></div>\r\n<div class=\"col-lg-6 col-md-5 image img-banner\"><img class=\"img-fluid\" src=\"http://localhost:8000/assets/images/banner-home.png\" alt=\"\"></div>\r\n</div>\r\n</div>\r\n</section>\r\n<section class=\"cartao\">\r\n<div class=\"container\">\r\n<div class=\"row\">\r\n<div class=\"col-md-6\"><img class=\"img-fluid\" src=\"http://localhost:8000/assets/images/cartao-home.png\" alt=\"\"></div>\r\n<div class=\"col-md-5 mt-5\">\r\n<div class=\"row mb-4\">\r\n<div class=\"col-12\">\r\n<p class=\"title\">Um mundo de vantagens ao <br>seu alcance</p>\r\n</div>\r\n</div>\r\n<div class=\"row mb-5\">\r\n<div class=\"col-md-6\">\r\n<div class=\"row mb-3\">\r\n<div class=\"col-2\">&nbsp;</div>\r\n<div class=\"col-10 ps-3\">\r\n<p>Pague sua fatura na loja Besni mais pr&oacute;xima</p>\r\n</div>\r\n</div>\r\n<div class=\"row\">\r\n<div class=\"col-2\">&nbsp;</div>\r\n<div class=\"col-10 ps-3\">\r\n<p>Mais controle nos gastos e praticidade no dia a dia</p>\r\n</div>\r\n</div>\r\n</div>\r\n<div class=\"col-md-6\">\r\n<div class=\"row mb-3\">\r\n<div class=\"col-2\">&nbsp;</div>\r\n<div class=\"col-10 ps-3\">\r\n<p>Flexibilidade para parcelar, sem entrada</p>\r\n</div>\r\n</div>\r\n<div class=\"row\">\r\n<div class=\"col-2\">&nbsp;</div>\r\n<div class=\"col-10 ps-3\">\r\n<p>Op&ccedil;&atilde;o de cart&atilde;o adicional com os mesmos benef&iacute;cios</p>\r\n</div>\r\n</div>\r\n</div>\r\n</div>\r\n<div class=\"row\">\r\n<div class=\"col-12\"><a class=\"btn red\" href=\"http://localhost:8000/cadastro\">Quero meu cart&atilde;o &rarr;</a></div>\r\n</div>\r\n</div>\r\n</div>\r\n</div>\r\n</section>\r\n<section class=\"vantagens\">\r\n<div class=\"container\">\r\n<div class=\"row\">\r\n<div class=\"col-md-3 mb-5 mb-md-0\">\r\n<div class=\"image\"><img class=\"img-fluid\" src=\"http://localhost:8000/assets/images/icon-vantagem-1.png\" alt=\"\"></div>\r\n<p>Parcele suas compras nas Lojas Besni e pague em at&eacute; 6x sem juros e sem entrada.</p>\r\n</div>\r\n<div class=\"col-md-3 mb-5 mb-md-0\">\r\n<div class=\"image\"><img class=\"img-fluid\" src=\"http://localhost:8000/assets/images/icon-vantagem-2.png\" alt=\"\"></div>\r\n<p>At&eacute; 40 dias para pagar as compras. Mais facilidade e controle dos seus gastos.</p>\r\n</div>\r\n<div class=\"col-md-3 mb-5 mb-md-0\">\r\n<div class=\"image\"><img class=\"img-fluid\" src=\"http://localhost:8000/assets/images/icon-vantagem-3.png\" alt=\"\"></div>\r\n<p>Seguros especiais para voc&ecirc; e sua fam&iacute;lia, com direito a sorteios exclusivos.</p>\r\n</div>\r\n<div class=\"col-md-3 mb-5 mb-md-0\">\r\n<div class=\"image\"><img class=\"img-fluid\" src=\"http://localhost:8000/assets/images/icon-vantagem-4.png\" alt=\"\"></div>\r\n<p>Receba sua fatura por e-mail ou SMS. Mais praticidade e seguran&ccedil;a.</p>\r\n</div>\r\n</div>\r\n<div class=\"row\">\r\n<div class=\"col-12 text-center mt-5\"><a href=\"http://localhost:8000/cadastro\">Quero meu cart&atilde;o &rarr;</a></div>\r\n</div>\r\n</div>\r\n</section>', '2024-01-16 10:09:41', '2024-01-16 10:09:41'),
(5, 'atendimento', '<div class=\"col-md-6 heading\">\r\n<p class=\"title\">Fale com a gente!</p>\r\n<p>Ficou com alguma d&uacute;vida ou tem sugest&otilde;es? Mande uma mensagem para o nosso atendimento. Ser&aacute; um prazer ajudar voc&ecirc;.</p>\r\n</div>', '2024-01-18 09:28:29', '2024-01-18 09:28:29');



--
-- Despejando dados para a tabela `data_types`
--

INSERT INTO `data_types` (`id`, `name`, `slug`, `display_name_singular`, `display_name_plural`, `icon`, `model_name`, `policy_name`, `controller`, `description`, `generate_permissions`, `server_side`, `details`, `created_at`, `updated_at`) VALUES
(1, 'admins', 'admins', 'Usuário', 'Usuários', 'voyager-person', 'App\\Models\\Admin', NULL, NULL, NULL, 1, 0, '{\"order_column\":null,\"order_display_column\":null,\"order_direction\":\"asc\",\"default_search_key\":null,\"scope\":null}', '2024-01-18 08:51:05', '2024-01-18 08:52:06'),
(2, 'users', 'users', 'User', 'Users', 'voyager-person', 'TCG\\Voyager\\Models\\User', 'TCG\\Voyager\\Policies\\UserPolicy', 'TCG\\Voyager\\Http\\Controllers\\VoyagerUserController', '', 1, 0, NULL, '2024-01-18 08:54:08', '2024-01-18 08:54:08'),
(3, 'menus', 'menus', 'Menu', 'Menus', 'voyager-list', 'TCG\\Voyager\\Models\\Menu', NULL, '', '', 1, 0, NULL, '2024-01-18 08:54:09', '2024-01-18 08:54:09'),
(4, 'roles', 'roles', 'Role', 'Roles', 'voyager-lock', 'TCG\\Voyager\\Models\\Role', NULL, 'TCG\\Voyager\\Http\\Controllers\\VoyagerRoleController', '', 1, 0, NULL, '2024-01-18 08:54:09', '2024-01-18 08:54:09'),
(5, 'contents', 'contents', 'Conteúdo', 'Conteúdos', 'voyager-file-text', 'App\\Models\\Content', NULL, NULL, NULL, 1, 0, '{\"order_column\":null,\"order_display_column\":null,\"order_direction\":\"asc\",\"default_search_key\":null,\"scope\":null}', '2024-01-18 09:05:46', '2024-01-18 09:25:08'),
(6, 'seguros', 'seguros', 'Seguro', 'Seguros', 'voyager-lock', 'App\\Models\\Seguro', NULL, NULL, NULL, 0, 0, '{\"order_column\":null,\"order_display_column\":null,\"order_direction\":\"asc\",\"default_search_key\":null,\"scope\":null}', '2024-01-18 09:07:39', '2024-01-18 09:23:04'),
(7, 'testimonies', 'testimonies', 'Testimony', 'Testimonies', 'voyager-thumbs-up', 'App\\Models\\Testimony', NULL, NULL, NULL, 0, 0, '{\"order_column\":null,\"order_display_column\":null,\"order_direction\":\"asc\",\"default_search_key\":null,\"scope\":null}', '2024-01-18 09:08:21', '2024-01-18 09:20:21'),
(8, 'faqs', 'faqs', 'Faq', 'Faqs', NULL, 'App\\Models\\Faq', NULL, NULL, NULL, 1, 0, '{\"order_column\":null,\"order_display_column\":null,\"order_direction\":\"asc\",\"default_search_key\":null}', '2024-01-18 09:09:16', '2024-01-18 09:09:16');

--
-- Despejando dados para a tabela `faqs`
--

INSERT INTO `faqs` (`id`, `pergunta`, `resposta`, `ordem`, `created_at`, `updated_at`) VALUES
(1, 'Como eu faço meu cartão Besni?', 'É muito fácil ter o Cartão Besni! Você só precisa ir até uma de nossas lojas com RG e CPF, comprovante de renda e de endereço, realizar o cadastro e aguardar. Você irá passar pela aprovação de crédito.', 0, NULL, NULL),
(2, 'Quais as vantagens do cartão Besni?', '<ul>\r\n                            <li>São muitas!</li>\r\n                            <li>Você pode parcelar suas compras em até 6x sem juros e sem entrada, com até 40 dias para pagar. Além dessas vantagens você tem  10% desconto na 1ª compra e também no mê', 0, NULL, NULL),
(3, 'Como faço para consultar minha fatura / extrato do cartão Besni?', '<ul>\r\n                            <li>Clique aqui para acessar o site do Cartão Besni e consultar sua fatura e extrato.</li>\r\n                            <li>Em caso de dúvidas ligue para Central de Atendimento Cartões Besni:\r\n                            ', 0, NULL, NULL),
(4, 'Posso usar meu Cartão Besni em outras lojas?', '<ul>\r\n                            <li>Não. Apenas no site da BESNI e em qualquer uma de nossas 38 lojas espalhadas por toda São Paulo.</li>\r\n                            <li>Consulte todas as lojas aqui: <a href=\"https://institucional.besni.com.br/nossas-l', 0, NULL, NULL);

--
-- Despejando dados para a tabela `menus`
--

INSERT INTO `menus` (`id`, `name`, `created_at`, `updated_at`) VALUES
(1, 'admin', '2024-01-15 14:03:43', '2024-01-15 14:03:43'),
(2, 'site', '2024-01-16 10:19:06', '2024-01-18 09:42:06');

--
-- Despejando dados para a tabela `menu_items`
--

INSERT INTO `menu_items` (`id`, `menu_id`, `title`, `url`, `target`, `icon_class`, `color`, `parent_id`, `order`, `created_at`, `updated_at`, `route`, `parameters`) VALUES
(1, 1, 'Dashboard', '', '_self', 'voyager-home', '#000000', NULL, 1, '2024-01-15 14:03:44', '2024-01-15 14:47:57', 'voyager.dashboard', 'null'),
(6, 1, 'Menu Builder', '', '_self', 'voyager-list', NULL, 5, 10, '2024-01-15 14:03:48', '2024-01-15 14:03:48', 'voyager.menus.index', NULL),
(7, 1, 'Database', '', '_self', 'voyager-data', NULL, 5, 11, '2024-01-15 14:03:49', '2024-01-15 14:03:49', 'voyager.database.index', NULL),
(8, 1, 'Compass', '', '_self', 'voyager-compass', NULL, 5, 12, '2024-01-15 14:03:50', '2024-01-15 14:03:50', 'voyager.compass.index', NULL),
(9, 1, 'BREAD', '', '_self', 'voyager-bread', NULL, 5, 13, '2024-01-15 14:03:51', '2024-01-15 14:03:51', 'voyager.bread.index', NULL),
(11, 1, 'Conteúdos', '/admin/contents', '_self', 'voyager-file-text', '#000000', NULL, 3, '2024-01-15 14:14:00', '2024-01-18 09:12:15', NULL, ''),
(12, 1, 'Seguros', '/admin/seguros', '_self', 'voyager-lock', '#000000', NULL, 4, '2024-01-15 14:15:26', '2024-01-18 09:11:40', NULL, ''),
(13, 1, 'Depoimentos', '/admin/testimonies', '_self', 'voyager-thumbs-up', '#000000', NULL, 5, '2024-01-15 14:17:24', '2024-01-18 09:12:53', NULL, ''),
(14, 1, 'Faqs', '/admin/faqs', '_self', 'voyager-question', '#000000', NULL, 6, '2024-01-15 14:18:06', '2024-01-18 09:03:13', NULL, ''),
(15, 1, 'Menus', '/admin/menus', '_self', 'voyager-list', '#000000', NULL, 7, '2024-01-15 14:26:44', '2024-01-18 09:03:14', NULL, ''),
(16, 1, 'Usuários', '', '_self', 'voyager-person', '#000000', NULL, 2, '2024-01-18 08:51:17', '2024-01-18 09:03:41', 'voyager.admins.index', 'null'),
(25, 2, 'Benefícios', '/beneficios', '_self', NULL, '#000000', NULL, 8, '2024-01-18 09:31:00', '2024-01-18 09:36:54', NULL, ''),
(26, 2, 'Seguros, Assistência e Planos', '/seguros', '_self', NULL, '#000000', NULL, 9, '2024-01-18 09:31:53', '2024-01-18 09:31:53', NULL, ''),
(27, 2, 'Atendimento', '/atendimento', '_self', NULL, '#000000', NULL, 10, '2024-01-18 09:32:21', '2024-01-18 09:32:21', NULL, ''),
(28, 2, 'Moda Besni', 'https://www.besni.com.br', '_blank', NULL, '#000000', NULL, 11, '2024-01-18 09:32:59', '2024-01-18 09:32:59', NULL, ''),
(29, 2, 'Fatura Digital', '/login', '_self', 'fatura-digital', '#000000', NULL, 12, '2024-01-18 09:36:09', '2024-01-18 09:45:52', NULL, '');

--
-- Despejando dados para a tabela `permissions`
--

INSERT INTO `permissions` (`id`, `key`, `table_name`, `created_at`, `updated_at`) VALUES
(1, 'browse_admin', NULL, '2024-01-15 14:03:54', '2024-01-15 14:03:54'),
(2, 'browse_bread', NULL, '2024-01-15 14:03:54', '2024-01-15 14:03:54'),
(3, 'browse_database', NULL, '2024-01-15 14:03:55', '2024-01-15 14:03:55'),
(4, 'browse_media', NULL, '2024-01-15 14:03:56', '2024-01-15 14:03:56'),
(5, 'browse_compass', NULL, '2024-01-15 14:03:56', '2024-01-15 14:03:56'),
(6, 'browse_menus', 'menus', '2024-01-15 14:03:57', '2024-01-15 14:03:57'),
(7, 'read_menus', 'menus', '2024-01-15 14:03:57', '2024-01-15 14:03:57'),
(8, 'edit_menus', 'menus', '2024-01-15 14:03:58', '2024-01-15 14:03:58'),
(9, 'add_menus', 'menus', '2024-01-15 14:03:59', '2024-01-15 14:03:59'),
(10, 'build_menus', 'menus', '2024-01-15 14:03:59', '2024-01-15 14:03:59'),
(11, 'browse_roles', 'roles', '2024-01-15 14:04:00', '2024-01-15 14:04:00'),
(12, 'read_roles', 'roles', '2024-01-15 14:04:01', '2024-01-15 14:04:01'),
(13, 'edit_roles', 'roles', '2024-01-15 14:04:01', '2024-01-15 14:04:01'),
(14, 'add_roles', 'roles', '2024-01-15 14:04:02', '2024-01-15 14:04:02'),
(15, 'delete_roles', 'roles', '2024-01-15 14:04:03', '2024-01-15 14:04:03'),
(16, 'browse_users', 'users', '2024-01-15 14:04:04', '2024-01-15 14:04:04'),
(17, 'read_users', 'users', '2024-01-15 14:04:05', '2024-01-15 14:04:05'),
(18, 'edit_users', 'users', '2024-01-15 14:04:06', '2024-01-15 14:04:06'),
(19, 'add_users', 'users', '2024-01-15 14:04:06', '2024-01-15 14:04:06'),
(20, 'delete_users', 'users', '2024-01-15 14:04:07', '2024-01-15 14:04:07'),
(21, 'browse_settings', 'settings', '2024-01-15 14:04:08', '2024-01-15 14:04:08'),
(22, 'read_settings', 'settings', '2024-01-15 14:04:08', '2024-01-15 14:04:08'),
(23, 'edit_settings', 'settings', '2024-01-15 14:04:09', '2024-01-15 14:04:09'),
(24, 'add_settings', 'settings', '2024-01-15 14:04:10', '2024-01-15 14:04:10'),
(25, 'delete_settings', 'settings', '2024-01-15 14:04:10', '2024-01-15 14:04:10'),
(26, 'browse_contents', 'contents', '2024-01-15 14:13:55', '2024-01-15 14:13:55'),
(27, 'read_contents', 'contents', '2024-01-15 14:13:56', '2024-01-15 14:13:56'),
(28, 'edit_contents', 'contents', '2024-01-15 14:13:57', '2024-01-15 14:13:57'),
(29, 'add_contents', 'contents', '2024-01-15 14:13:57', '2024-01-15 14:13:57'),
(30, 'delete_contents', 'contents', '2024-01-15 14:13:58', '2024-01-15 14:13:58'),
(31, 'browse_seguros', 'seguros', '2024-01-15 14:15:22', '2024-01-15 14:15:22'),
(32, 'read_seguros', 'seguros', '2024-01-15 14:15:23', '2024-01-15 14:15:23'),
(33, 'edit_seguros', 'seguros', '2024-01-15 14:15:23', '2024-01-15 14:15:23'),
(34, 'add_seguros', 'seguros', '2024-01-15 14:15:24', '2024-01-15 14:15:24'),
(35, 'delete_seguros', 'seguros', '2024-01-15 14:15:25', '2024-01-15 14:15:25'),
(36, 'browse_testimonies', 'testimonies', '2024-01-15 14:17:19', '2024-01-15 14:17:19'),
(37, 'read_testimonies', 'testimonies', '2024-01-15 14:17:20', '2024-01-15 14:17:20'),
(38, 'edit_testimonies', 'testimonies', '2024-01-15 14:17:21', '2024-01-15 14:17:21'),
(39, 'add_testimonies', 'testimonies', '2024-01-15 14:17:21', '2024-01-15 14:17:21'),
(40, 'delete_testimonies', 'testimonies', '2024-01-15 14:17:22', '2024-01-15 14:17:22'),
(41, 'browse_faqs', 'faqs', '2024-01-15 14:18:02', '2024-01-15 14:18:02'),
(42, 'read_faqs', 'faqs', '2024-01-15 14:18:03', '2024-01-15 14:18:03'),
(43, 'edit_faqs', 'faqs', '2024-01-15 14:18:03', '2024-01-15 14:18:03'),
(44, 'add_faqs', 'faqs', '2024-01-15 14:18:04', '2024-01-15 14:18:04'),
(45, 'delete_faqs', 'faqs', '2024-01-15 14:18:05', '2024-01-15 14:18:05'),
(46, 'delete_menus', 'menus', '2024-01-16 10:18:55', '2024-01-16 10:18:55'),
(47, 'browse_admins', 'admins', '2024-01-18 08:51:13', '2024-01-18 08:51:13'),
(48, 'read_admins', 'admins', '2024-01-18 08:51:13', '2024-01-18 08:51:13'),
(49, 'edit_admins', 'admins', '2024-01-18 08:51:14', '2024-01-18 08:51:14'),
(50, 'add_admins', 'admins', '2024-01-18 08:51:15', '2024-01-18 08:51:15'),
(51, 'delete_admins', 'admins', '2024-01-18 08:51:15', '2024-01-18 08:51:15');

--
-- Despejando dados para a tabela `permission_role`
--

INSERT INTO `permission_role` (`permission_id`, `role_id`) VALUES
(1, 1),
(2, 1),
(3, 1),
(4, 1),
(5, 1),
(6, 1),
(7, 1),
(8, 1),
(9, 1),
(10, 1),
(11, 1),
(12, 1),
(13, 1),
(14, 1),
(15, 1),
(16, 1),
(17, 1),
(18, 1),
(19, 1),
(20, 1),
(21, 1),
(22, 1),
(23, 1),
(24, 1),
(25, 1),
(26, 1),
(27, 1),
(28, 1),
(29, 1),
(30, 1),
(31, 1),
(32, 1),
(33, 1),
(34, 1),
(35, 1),
(36, 1),
(37, 1),
(38, 1),
(39, 1),
(40, 1),
(41, 1),
(42, 1),
(43, 1),
(44, 1),
(45, 1),
(46, 1),
(47, 1),
(48, 1),
(49, 1),
(50, 1),
(51, 1);

--
-- Despejando dados para a tabela `roles`
--

INSERT INTO `roles` (`id`, `name`, `display_name`, `created_at`, `updated_at`) VALUES
(1, 'admin', 'Administrator', '2024-01-15 13:57:15', '2024-01-15 13:57:15'),
(2, 'user', 'Normal User', '2024-01-15 14:03:53', '2024-01-15 14:03:53');

--
-- Despejando dados para a tabela `seguros`
--

INSERT INTO `seguros` (`id`, `title`, `call`, `resume`, `text`, `icon`, `color`, `created_at`, `updated_at`) VALUES
(1, 'PROTEÇÃO COM ASSISTÊNCIA AUTO E MOTO', 'O Seguro Microsseguro de Pessoas com Assistência Auto e Moto foi desenvolvido especialmente para quem tem o Cartão Besni. Garante a tranquilidade a você e sua família com coberturas e assistências 24hs em caso de imprevisto com seu carro ou sua moto.', 'a', '<div class=\"row h-inherit d-flex align-items-center justify-content-center mx-auto\">\r\n<div class=\"col-12 mb-5\">\r\n<p class=\"title d-flex flex-row gap-2 align-items-center\" style=\"color: #cc2d2c;\"><strong>Prote&ccedil;&atilde;o</strong> com assist&ecirc;ncia auto e moto</p>\r\n</div>\r\n<div class=\"col-md-12 col-lg-12 flex-column d-flex align-items-center justify-content-center mx-auto\">\r\n<p class=\"texto-seguro mt-3\">O Seguro Microsseguro de Pessoas com Assist&ecirc;ncia Auto e Moto foi desenvolvido especialmente para quem tem o Cart&atilde;o Besni. Garante a tranquilidade a voc&ecirc; e sua fam&iacute;lia com coberturas e assist&ecirc;ncias 24hs em caso de imprevisto com seu carro ou sua moto. <br><br>Prezados clientes: Informamos que os seguros com sorteios vinculados &agrave; t&iacute;tulos de capitaliza&ccedil;&atilde;o que utilizavam o Processo SUSEP n&uacute;mero: 15414.004119/2011-28 passaram a utilizar o Processo n&uacute;mero 15414.900878/2013-85 Estas mudan&ccedil;as n&atilde;o alteram qualquer direito dos participantes, que continuam concorrendo aos pr&ecirc;mios estabelecidos. Consulte as condi&ccedil;&otilde;es gerais do produto no site: www.tokiomarine.com.br A contrata&ccedil;&atilde;o &eacute; opcional. Para mais informa&ccedil;&otilde;es, consulte as condi&ccedil;&otilde;es gerais com o regulamento do sorteio e restri&ccedil;&otilde;es do seguro, &agrave; disposi&ccedil;&atilde;o no site www.tokiomarine.com.br. Seguro garantido pela Tokio Marine Seguradora S.A., CNPJ 33.164.021/0001-00, C&oacute;digo SUSEP n&ordm; 06190, atrav&eacute;s dos processos SUSEP 15414.900713/2014-94 (Microsseguro de Pessoas &ndash; Ramo: 1601). *T&iacute;tulo de Capitaliza&ccedil;&atilde;o, da modalidade incentivo, emitido pela CAPEMISA Capitaliza&ccedil;&atilde;o S/A, CNPJ 14.056.028/0001-55, processo SUSEP 15414.601707/2022-67. Pr&ecirc;mio no valor bruto de R$ 5.000,00 com incid&ecirc;ncia de 25% de IR, conforme legisla&ccedil;&atilde;o vigente. O registro do produto &eacute; autom&aacute;tico e n&atilde;o representa aprova&ccedil;&atilde;o ou recomenda&ccedil;&atilde;o por parte da Susep . SAC Tokio Marine: 0800 703 9000. Plataforma digital oficial para registro de reclama&ccedil;&otilde;es dos consumidores dos mercados supervisionados: www.consumidor.gov.br. Central de Atendimento Susep - 0800 021 8484 - (9:30 &agrave;s 17:00).<br><br>LINK CONDI&Ccedil;&Otilde;ES GERAIS: Consulte as condi&ccedil;&otilde;es gerais do produto no site:<a href=\"http://localhost:8000/admin/seguros/1/www.tokiomarine.com.br\" target=\"_blank\" rel=\"noopener\">www.tokiomarine.com.br</a><br><br>CENTRAL DE ATENDIMENTO: Assist&ecirc;ncia 24 horas:0800-775-4037 | Sinistro:0800-828-6546<br><br>BILHETE DO SEGURO:<a class=\"show_link\" href=\"https://cartaobesni.com.br/wp-content/uploads/2023/04/bilhete-protecao-com-assistencia-auto-e-moto.pdf\" target=\"_blank\" rel=\"noopener\">https://cartaobesni.com.br/wp-content/uploads/2023/04/bilhete-protecao-com-assistencia-auto-e-moto.pdf</a> <br><br>Canais de Atendimento Cart&atilde;o Besni. Queremos ouvir voc&ecirc; para lhe atender melhor.<br><br>Hor&aacute;rio de Atendimento:Segunda &agrave; S&aacute;bado, das 8h &agrave;s 20h, exceto domingos e feriado.</p>\r\n</div>\r\n</div>', 'seguros/January2024/zoEapP13ZcyboWmIjhKC.webp', '#c50202', '2024-01-15 14:35:24', '2024-01-15 14:39:10'),
(2, 'bem-estar besni', 'Muito mais Saúde para sua família com o Bem Estar Besni. Com ele você tem acesso a Telemedicina, Exames, Rede de Saúde especializada, Orientação 24 Horas e Desconto em farmácia.', NULL, '<p class=\"texto-seguro mt-3\">Muito mais Sa&uacute;de para sua fam&iacute;lia com o Bem Estar Besni. Com ele voc&ecirc; tem acesso a Telemedicina, Exames, Rede de Sa&uacute;de especializada, Orienta&ccedil;&atilde;o 24 Horas e Desconto em farm&aacute;cia. <br><br>A contrata&ccedil;&atilde;o &eacute; opcional. Para mais informa&ccedil;&otilde;es, consulte as Condi&ccedil;&otilde;es Gerais, Regulamento do Sorteio, Guia de Assist&ecirc;ncia e Restri&ccedil;&otilde;es do Seguro, &agrave; disposi&ccedil;&atilde;o no site www.tokiomarine.com.br. Seguro garantido pela Tokio Marine Seguradora S.A., CNPJ 33.164.021/0001-00, C&oacute;digo SUSEP n&ordm; 06190, atrav&eacute;s dos processos SUSEP 15414.900713/2014-94 (Microsseguro de Pessoas - Ramo: 1601). *Promo&ccedil;&atilde;o Comercial vinculada a T&iacute;tulos de Capitaliza&ccedil;&atilde;o da modalidade incentivo emitidos por ICATU CAPITALIZA&Ccedil;&Atilde;O S/A, CNPJ/MF n&ordm; 74.267.170/0001-73 e Processo SUSEP n&ordm; 15414.900706/2019-05. Pr&ecirc;mios no valor de R$ 10.000,00, cada, bruto de imposto de Renda &ndash; IR (25%), conforme legisla&ccedil;&atilde;o em vigor. SAC Icatu Capitaliza&ccedil;&atilde;o 0800 286 0109. Ouvidoria Icatu Seguros 0800 286 0047. O registro do produto e a aprova&ccedil;&atilde;o do t&iacute;tulo de capitaliza&ccedil;&atilde;o na SUSEP n&atilde;o implica, por parte da Autarquia, incentivo ou recomenda&ccedil;&atilde;o &agrave; sua comercializa&ccedil;&atilde;o, representando, exclusivamente, sua adequa&ccedil;&atilde;o &agrave;s normas em vigor. SAC Tokio Marine: 0800 703 9000. Central de Atendimento Susep - 0800 021 8484 - (9:30 &agrave;s 17:00).<br><br>LINK CONDI&Ccedil;&Otilde;ES GERAIS: Consulte as condi&ccedil;&otilde;es gerais do produto no site:www.tokiomarine.com.br<br><br>LINK TEM SA&Uacute;DE: Consulte o programa TEM sa&uacute;de no site :www.meutem.com.br/tokiomarine<br><br>BILHETE DO SEGURO: <a class=\"show_link\" href=\"https://cartaobesni.com.br/wp-content/uploads/2023/04/bilhete-bem-estar-besni.pdf\" target=\"_blank\" rel=\"noopener\">https://cartaobesni.com.br/wp-content/uploads/2023/04/bilhete-bem-estar-besni.pdf</a><br><br>Canais de Atendimento Cart&atilde;o Besni. Queremos ouvir voc&ecirc; para lhe atender melhor.<br><br>Hor&aacute;rio de Atendimento:Segunda &agrave; S&aacute;bado, das 8h &agrave;s 20h, exceto domingos e feriado. </p>', 'seguros/January2024/mlaFpNpl2YvM7rCRfD06.png', '#9081cc', '2024-01-15 14:41:27', '2024-01-15 14:41:27'),
(3, 'LAR MAIS PROTEGIDO', 'Seu lar mais protegido com Assistência 24 horas completa, Assistência para Linhas Branca e Marrom e você ainda concorre a um Sorteio Mensal de R$ 5 mil.', NULL, '<p class=\"texto-seguro mt-3\">Seu lar mais protegido com Assist&ecirc;ncia 24 horas completa, Assist&ecirc;ncia para Linhas Branca e Marrom e voc&ecirc; ainda concorre a um Sorteio Mensal de R$ 5 mil. <br><br>A contrata&ccedil;&atilde;o &eacute; opcional. Para mais informa&ccedil;&otilde;es, consulte as condi&ccedil;&otilde;es gerais com o regulamento do sorteio e restri&ccedil;&otilde;es do seguro, &agrave; disposi&ccedil;&atilde;o no site www.tokiomarine.com.br. Seguro garantido pela Tokio Marine Seguradora S.A., CNPJ 33.164.021/0001-00, C&oacute;digo SUSEP n&ordm; 06190, atrav&eacute;s dos processos SUSEP 15414.900716/2014-28 (Microsseguro de Danos Residencial &ndash; Ramo 1602). **Promo&ccedil;&atilde;o Comercial vinculada a T&iacute;tulos de Capitaliza&ccedil;&atilde;o da modalidade incentivo emitidos por ICATU CAPITALIZA&Ccedil;&Atilde;O S/A, CNPJ/MF n&ordm; 74.267.170/0001-73 e Processo SUSEP n&ordm; 15414.900706/2019-05. Pr&ecirc;mios no valor de R$ 5.000,00, cada, bruto de imposto de Renda &ndash; IR (25%), conforme legisla&ccedil;&atilde;o em vigor. O Regulamento est&aacute; dispon&iacute;vel em www.tokiomarine.com.br. SAC Icatu Capitaliza&ccedil;&atilde;o 0800 286 0109. Ouvidoria Icatu Seguros 0800 286 0047. O registro do produto e a aprova&ccedil;&atilde;o do t&iacute;tulo de capitaliza&ccedil;&atilde;o na SUSEP n&atilde;o implica, por parte da Autarquia, incentivo ou recomenda&ccedil;&atilde;o &agrave; sua comercializa&ccedil;&atilde;o, representando, exclusivamente, sua adequa&ccedil;&atilde;o &agrave;s normas em vigor. SAC Tokio Marine: 0800 703 9000. Central de Atendimento Susep - 0800 021 8484 - (9:30 &agrave;s 17:00).<br><br>LINK CONDI&Ccedil;&Otilde;ES GERAIS: Consulte as condi&ccedil;&otilde;es gerais do produto no site:www.tokiomarine.com.br<br><br>CENTRAL DE ATENDIMENTO: Assist&ecirc;ncia 24 horas:0800-775-4037 | Sinistro:0800-828-6546<br><br>BILHETE DO SEGURO: <a class=\"show_link\" href=\"https://cartaobesni.com.br/wp-content/uploads/2023/04/bilhete-lar-mais-protegido.pdf\" target=\"_blank\" rel=\"noopener\">https://cartaobesni.com.br/wp-content/uploads/2023/04/bilhete-lar-mais-protegido.pdf</a><br><br>Canais de Atendimento Cart&atilde;o Besni. Queremos ouvir voc&ecirc; para lhe atender melhor.<br><br>Hor&aacute;rio de Atendimento:Segunda &agrave; S&aacute;bado, das 8h &agrave;s 20h, exceto domingos e feriado.</p>', 'seguros/January2024/uYjEXK1iMYIub1n2FJIY.png', '#c0cc6f', '2024-01-15 14:42:55', '2024-01-15 14:43:38'),
(4, 'Bolsa mais protegida', 'Sua Bolsa / Carteira muito mais protegidos além de todo o seu conteúdo, incluíndo seu celular e mais cobertura PIX.', NULL, '<p class=\"texto-seguro mt-3\">Sua Bolsa / Carteira muito mais protegidos al&eacute;m de todo o seu conte&uacute;do, inclu&iacute;ndo seu celular e mais cobertura PIX. <br><br>Prezados clientes: Informamos que os seguros com sorteios vinculados &agrave; t&iacute;tulos de capitaliza&ccedil;&atilde;o que utilizavam o Processo SUSEP n&uacute;mero: 15414.004119/2011-28 passaram a utilizar o Processo n&uacute;mero 15414.900878/2013-85 Estas mudan&ccedil;as n&atilde;o alteram qualquer direito dos participantes, que continuam concorrendo aos pr&ecirc;mios estabelecidos. Consulte as condi&ccedil;&otilde;es gerais do produto no site: www.tokiomarine.com.br A contrata&ccedil;&atilde;o &eacute; opcional. Para mais informa&ccedil;&otilde;es, consulte as condi&ccedil;&otilde;es gerais com o regulamento do sorteio e restri&ccedil;&otilde;es do seguro, &agrave; disposi&ccedil;&atilde;o no site www.tokiomarine.com.br. Seguro garantido pela Tokio Marine Seguradora S.A., CNPJ 33.164.021/0001-00, C&oacute;digo SUSEP n&ordm; 06190, atrav&eacute;s dos processos SUSEP n&ordm;: 15414.900301/2014-54 (Seguro Prote&ccedil;&atilde;o - Ramo 171 - Riscos Diversos), n.&ordm;: 15414.900165/2014-01 Bens - Ramo 171 - Riscos Diversos) e n.&ordm;: 15414.900713/2014-94 (Microsseguros de Pessoas - Ramo: 1601). *T&iacute;tulo de Capitaliza&ccedil;&atilde;o, da modalidade incentivo, emitido pela CAPEMISA Capitaliza&ccedil;&atilde;o S/A, CNPJ 14.056.028/0001-55, processo SUSEP 15414.601707/2022-67. Pr&ecirc;mio no valor bruto de R$ 2.000,00 com incid&ecirc;ncia de 25% de IR, conforme legisla&ccedil;&atilde;o vigente. O registro do produto &eacute; autom&aacute;tico e n&atilde;o representa aprova&ccedil;&atilde;o ou recomenda&ccedil;&atilde;o por parte da Susep . SAC Tokio Marine: 0800 703 9000. Plataforma digital oficial para registro de reclama&ccedil;&otilde;es dos consumidores dos mercados supervisionados: www.consumidor.gov.br. Central de Atendimento Susep - 0800 021 8484 - (9:30 &agrave;s 17:00).<br><br>LINK CONDI&Ccedil;&Otilde;ES GERAIS: Consulte as condi&ccedil;&otilde;es gerais do produto no site:www.tokiomarine.com.br<br><br>LINK ABERTURA DE SINISTRO: <a class=\"show_link\" href=\"https://autoatendimento.tokiomarine.com.br/superapp/#/login\" target=\"_blank\" rel=\"noopener\">https://autoatendimento.tokiomarine.com.br/superapp/#/login</a><br><br>LINK CONSULTE O SEU SINISTRO: <a class=\"show_link\" href=\"https://autoatendimento.tokiomarine.com.br/sin/aviso-web/consulta/sinistro/cliente?SistemaOrigem=Cliente\" target=\"_blank\" rel=\"noopener\">https://autoatendimento.tokiomarine.com.br/sin/aviso-web/consulta/sinistro/cliente?SistemaOrigem=Cliente</a><br><br>CENTRAL DE ATENDIMENTO A SINISTRO: Perda e roubo do cart&atilde;o magn&eacute;tico e compra ou saque sob coa&ccedil;&atilde;o:0800-0555-399 Demais coberturas:0800-828-6546<br><br>BILHETE DO SEGURO: <a class=\"show_link\" href=\"https://cartaobesni.com.br/wp-content/uploads/2023/04/bilhete-bolsa-mais-protegida.pdf\" target=\"_blank\" rel=\"noopener\">https://cartaobesni.com.br/wp-content/uploads/2023/04/bilhete-bolsa-mais-protegida.pdf</a><br><br>Canais de Atendimento Cart&atilde;o Besni. Queremos ouvir voc&ecirc; para lhe atender melhor.<br><br>Hor&aacute;rio de Atendimento:Segunda &agrave; S&aacute;bado, das 8h &agrave;s 20h, exceto domingos e feriado.</p>', 'seguros/January2024/rmIexRlhDpnFz8kZq0Ag.png', '#cc2d2c', '2024-01-15 14:45:00', '2024-01-15 14:45:00'),
(5, 'Você protegido besni', 'Você muito mais protegido em caso de imprevistos como Quitação do saldo devedor no seu Cartão Besni e Auxílio Alimentação.', NULL, '<p class=\"texto-seguro mt-3\">Voc&ecirc; muito mais protegido em caso de imprevistos como Quita&ccedil;&atilde;o do saldo devedor no seu Cart&atilde;o Besni e Aux&iacute;lio Alimenta&ccedil;&atilde;o. <br><br>Prezados clientes: Informamos que os seguros com sorteios vinculados &agrave; t&iacute;tulos de capitaliza&ccedil;&atilde;o que utilizavam o Processo SUSEP n&uacute;mero: 15414.004119/2011-28 passaram a utilizar o Processo n&uacute;mero 15414.900878/2013-85 Estas mudan&ccedil;as n&atilde;o alteram qualquer direito dos participantes, que continuam concorrendo aos pr&ecirc;mios estabelecidos. Consulte as condi&ccedil;&otilde;es gerais do produto no site: www.tokiomarine.com.br A contrata&ccedil;&atilde;o &eacute; opcional. Para mais informa&ccedil;&otilde;es, consulte as condi&ccedil;&otilde;es gerais com o regulamento do sorteio e restri&ccedil;&otilde;es do seguro, &agrave; disposi&ccedil;&atilde;o no site www.tokiomarine.com.br. Seguro garantido pela Tokio Marine Seguradora S.A., CNPJ 33.164.021/0001-00, C&oacute;digo SUSEP n&ordm; 06190, atrav&eacute;s dos processos SUSEP 15414.900249/2014-36 (Prestamista Bilhete) - Ramo: 1377. *T&iacute;tulo de Capitaliza&ccedil;&atilde;o, da modalidade incentivo, emitido pela CAPEMISA Capitaliza&ccedil;&atilde;o S/A, CNPJ 14.056.028/0001-55, processo SUSEP 15414.601707/2022-67. Pr&ecirc;mio no valor bruto de R$ 10.000,00 com incid&ecirc;ncia de 25% de IR, conforme legisla&ccedil;&atilde;o vigente. O registro do produto &eacute; autom&aacute;tico e n&atilde;o representa aprova&ccedil;&atilde;o ou recomenda&ccedil;&atilde;o por parte da Susep . SAC Tokio Marine: 0800 703 9000. Plataforma digital oficial para registro de reclama&ccedil;&otilde;es dos consumidores dos mercados supervisionados: www.consumidor.gov.br. Central de Atendimento Susep - 0800 021 8484 - (9:30 &agrave;s 17:00).<br><br>LINK CONDI&Ccedil;&Otilde;ES GERAIS: Consulte as condi&ccedil;&otilde;es gerais do produto no site:www.tokiomarine.com.br<br><br>LINK ABERTURA DE SINISTRO: <a class=\"show_link\" href=\"https://autoatendimento.tokiomarine.com.br/superapp/#/login\" target=\"_blank\" rel=\"noopener\">https://autoatendimento.tokiomarine.com.br/superapp/#/login</a><br><br>LINK CONSULTE O SEU SINISTRO: <a class=\"show_link\" href=\"https://autoatendimento.tokiomarine.com.br/sin/aviso-web/consulta/sinistro/cliente?SistemaOrigem=Cliente\" target=\"_blank\" rel=\"noopener\">https://autoatendimento.tokiomarine.com.br/sin/aviso-web/consulta/sinistro/cliente?SistemaOrigem=Cliente</a><br><br>CENTRAL DE ATENDIMENTO A SINISTRO: 0800-828-6546<br><br>BILHETE DO SEGURO: <a class=\"show_link\" href=\"https://cartaobesni.com.br/wp-content/uploads/2023/04/bilhete-voce-protegido.pdf\" target=\"_blank\" rel=\"noopener\">https://cartaobesni.com.br/wp-content/uploads/2023/04/bilhete-voce-protegido.pdf</a><br><br>Canais de Atendimento Cart&atilde;o Besni. Queremos ouvir voc&ecirc; para lhe atender melhor.<br><br>Hor&aacute;rio de Atendimento:Segunda &agrave; S&aacute;bado, das 8h &agrave;s 20h, exceto domingos e feriado.</p>', 'seguros/January2024/t1GWYXnkg7k5ggnJyZc1.png', '#9081cc', '2024-01-15 14:47:20', '2024-01-15 14:47:20'),
(6, 'Besni Odonto', 'Agora você pode contar com a Besni para cuidar do seu sorriso e de quem você ama. Plano Besni Odonto com os melhores tratamentos!', NULL, '<p class=\"texto-seguro mt-3\">Agora voc&ecirc; pode contar com a Besni para cuidar do seu sorriso e de quem voc&ecirc; ama. Plano Besni Odonto com os melhores tratamentos! <br><br>Para maiores informa&ccedil;&otilde;es sobre coberturas, prazos, valores, car&ecirc;ncia e demais assuntos, acesse www.besniodonto.com.br, consulte as condi&ccedil;&otilde;es gerais ou ligue para nossa Central de Atendimento (1) Somente Aparelhos ortod&ocirc;nticos fixos met&aacute;licos, exceto autoligados e linguais. N&atilde;o est&atilde;o cobertas documenta&ccedil;&atilde;o e manuten&ccedil;&atilde;o do tratamento ortod&ocirc;ntico.(2) Somente pr&oacute;teses do Rol da ANS. N&atilde;o est&atilde;o cobertas pr&oacute;teses de porcelana, est&eacute;ticas, pontes fixas ou remov&iacute;veis e dentaduras.<br><br>LINK INFORMA&Ccedil;&Otilde;ES DO PLANO: Consulte informa&ccedil;&otilde;es do plano no site:<a class=\"show_link\" href=\"https://www.besniodonto.com.br\" target=\"_blank\" rel=\"noopener\">www.besniodonto.com.br</a><br><br>CENTRAL DE ATENDIMENTO: D&uacute;vidas sobre rede credenciada, informa&ccedil;&otilde;es sobre coberturas ou informa&ccedil;&otilde;es gerais sobre o plano: 3003-1159<br><br>Canais de Atendimento Cart&atilde;o Besni. Queremos ouvir voc&ecirc; para lhe atender melhor.<br><br>Hor&aacute;rio de Atendimento:Segunda &agrave; S&aacute;bado, das 8h &agrave;s 20h, exceto domingos e feriado.</p>', 'seguros/January2024/Xtd2eN4CnUJal9eb0vyH.png', '#c0cc6f', '2024-01-15 14:50:13', '2024-01-15 14:50:13');

--
-- Despejando dados para a tabela `testimonies`
--

INSERT INTO `testimonies` (`id`, `author`, `company`, `text`, `created_at`, `updated_at`) VALUES
(1, 'DENISE RINALDI', 'SÃO PAULO', 'Empresa séria e comprometida com seus clientes, resolveu meu problema em menos de 24 horas, sempre atendendo da melhor maneira estou muito satisfeita com o resultado positivo voltarei a comprar em breve.', '2024-01-15 14:29:59', '2024-01-18 09:16:57');
COMMIT;

